or of 304172845?
True
Does 180 divide 4851180?
True
Is 7 a factor of 13770498?
True
Does 3 divide 620898?
True
Does 71 divide 143030208?
False
Is 6 a factor of 327377754?
True
Is 476 a factor of 1313880428?
True
Is 7732967504 a multiple of 501?
False
Is 77 a factor of 6894507?
False
Does 934 divide 57932284?
True
Does 207 divide 14123638?
False
Is 38180432 a multiple of 426?
False
Is 319401529 a multiple of 1766?
False
Is 141 a factor of 54172183?
False
Is 1003 a factor of 55506020?
True
Is 6039863 a multiple of 1113?
False
Is 164500257 a multiple of 38?
False
Is 2815 a factor of 524592140?
True
Is 30 a factor of 411352614?
False
Is 16103780 a multiple of 18?
False
Does 8661 divide 4090512351?
True
Does 844 divide 438725548?
True
Is 711 a factor of 52141712?
False
Is 150 a factor of 4782900?
True
Does 18 divide 966857148?
True
Does 44 divide 165825952?
False
Is 25 a factor of 32507550?
True
Is 18 a factor of 613892340?
True
Is 176432315 a multiple of 1963?
False
Is 168631432 a multiple of 158?
False
Does 75 divide 9632175?
True
Does 5 divide 239620373?
False
Is 800371 a multiple of 13?
True
Is 989557398 a multiple of 202?
True
Is 8 a factor of 21134304?
True
Is 8586218 a multiple of 480?
False
Does 7638 divide 1890427914?
True
Is 411 a factor of 869300918?
False
Is 167 a factor of 97020988?
True
Is 24 a factor of 1002402531?
False
Is 1005 a factor of 108029460?
True
Does 182 divide 53849978?
True
Is 4498374 a multiple of 25?
False
Is 54875376 a multiple of 3?
True
Is 2064493167 a multiple of 363?
True
Is 133 a factor of 441467964?
True
Is 125137513 a multiple of 122?
False
Is 2260066889 a multiple of 131?
True
Is 9374035 a multiple of 41?
True
Does 39 divide 47599500?
True
Is 39 a factor of 100882180?
False
Does 89 divide 168878453?
False
Is 56 a factor of 84375704?
True
Does 16 divide 129023920?
True
Is 65 a factor of 15106591?
False
Is 24 a factor of 2202687397?
False
Is 84292085 a multiple of 28?
False
Does 125 divide 364228544?
False
Does 1568 divide 2526362956?
False
Does 13 divide 111116402?
False
Is 170 a factor of 51652630?
True
Is 20 a factor of 317762585?
False
Is 24869267 a multiple of 59?
True
Is 49850468 a multiple of 1657?
False
Is 49 a factor of 27214502?
True
Does 31 divide 736200431?
True
Is 147708176 a multiple of 4972?
True
Is 12 a factor of 1994376649?
False
Is 464 a factor of 3476381264?
True
Is 57 a factor of 28449669?
True
Is 232 a factor of 3027605777?
False
Is 96 a factor of 2838560793?
False
Is 403421073 a multiple of 2883?
True
Is 51 a factor of 125824483?
False
Is 534640788 a multiple of 64?
False
Is 15 a factor of 926277435?
True
Does 3954 divide 528202622?
False
Is 12 a factor of 41673078?
False
Is 89798940 a multiple of 399?
True
Does 18 divide 265842558?
True
Is 107510 a multiple of 65?
True
Is 59 a factor of 2117551?
False
Is 42 a factor of 170513943?
False
Is 3657432 a multiple of 2?
True
Does 82 divide 1242216360?
True
Is 15759576 a multiple of 18?
True
Is 112945853 a multiple of 67?
True
Is 307 a factor of 1899685300?
True
Is 423 a factor of 84404554?
False
Is 329094 a multiple of 423?
True
Is 45746384 a multiple of 36?
False
Is 165421845 a multiple of 81?
True
Is 46039584 a multiple of 912?
True
Is 445 a factor of 148034331?
False
Is 711061411 a multiple of 10?
False
Is 78 a factor of 108546828?
True
Is 737618419 a multiple of 129?
False
Is 14 a factor of 1144470?
False
Does 1090 divide 82974070?
True
Is 5775 a factor of 254914275?
True
Is 193943440 a multiple of 1240?
True
Is 87032708 a multiple of 454?
True
Is 13 a factor of 51527175?
False
Is 2417474 even?
True
Is 114 a factor of 118880370?
False
Does 1031 divide 1085811053?
True
Is 179125243 a multiple of 17?
True
Does 800 divide 308049600?
True
Is 1658 a factor of 52750928?
True
Does 1166 divide 8306595?
False
Does 8 divide 1340448?
True
Is 375682214 a multiple of 84?
False
Does 540 divide 27674764?
False
Does 49 divide 59143034?
False
Is 19 a factor of 61032066?
True
Does 60 divide 179550466?
False
Is 3 a factor of 119549531?
False
Is 11 a factor of 350080533?
True
Does 11 divide 57916870?
True
Is 10644 a factor of 1040419068?
True
Is 5501136156 a multiple of 1409?
True
Is 106 a factor of 60633378?
True
Does 10 divide 1045245500?
True
Does 8 divide 7895672?
True
Does 11 divide 87077253?
False
Is 450753851 a multiple of 324?
False
Does 32 divide 95992350?
False
Does 445 divide 425009155?
False
Does 25 divide 32726290?
False
Is 28 a factor of 283527440?
True
Is 8978700 a multiple of 692?
True
Is 61701977 a multiple of 25?
False
Is 31907434 a multiple of 20?
False
Is 529 a factor of 1332475?
False
Is 30219007 a multiple of 188?
False
Is 214404230 a multiple of 118?
True
Is 185 a factor of 5766046?
False
Is 165099773 a multiple of 96?
False
Is 45 a factor of 20624805?
True
Does 183 divide 31615310?
False
Does 665 divide 13242145?
True
Is 342632043 a multiple of 5753?
False
Does 2 divide 33224026?
True
Does 37 divide 43287737?
False
Is 434572 a multiple of 4?
True
Is 3223 a factor of 109250031?
True
Is 3 a factor of 898030434?
True
Is 35170056 a multiple of 315?
False
Does 686 divide 15170858?
False
Does 61 divide 11395377?
False
Does 40 divide 46347823?
False
Is 5940 a factor of 188363340?
True
Is 26492565 a multiple of 523?
True
Is 22228558 a multiple of 8?
False
Is 813815273 a multiple of 433?
True
Is 23 a factor of 92481575?
False
Does 1185 divide 25792710?
True
Is 3692184 a multiple of 36?
False
Is 1030494 a multiple of 142?
True
Does 3196 divide 248014820?
False
Does 2680 divide 467500339?
False
Is 51 a factor of 385008403?
False
Is 2759433 a multiple of 4?
False
Is 589 a factor of 157095831?
False
Is 795146846 a multiple of 5681?
True
Does 135 divide 167501250?
True
Is 85 a factor of 22477485?
True
Is 27807336 a multiple of 13?
False
Is 1685 a factor of 3985395411?
False
Is 1134 a factor of 1983169784?
False
Is 375 a factor of 311261864?
False
Is 81298425 a multiple of 8?
False
Does 533 divide 73133576?
False
Is 45226755 a multiple of 122?
False
Is 2738729410 a multiple of 128?
False
Does 910 divide 3649056995?
False
Is 503 a factor of 24673156?
True
Does 333 divide 1024798?
False
Is 692515619 a multiple of 195?
False
Is 2637185667 a multiple of 1142?
False
Is 577525112 a multiple of 1069?
True
Is 73 a factor of 149144562?
False
Is 73 a factor of 2174670?
True
Is 581 a factor of 111433809?
False
Is 23890790 a multiple of 2185?
True
Is 416754944 a multiple of 1031?
True
Is 111295996 a multiple of 76?
True
Does 463 divide 1093002711?
True
Is 34 a factor of 51543524?
True
Is 168 a factor of 753442648?
False
Does 1006 divide 158583828?
True
Is 368722229 a multiple of 24?
False
Is 26977440 a multiple of 186?
True
Does 393 divide 24482807?
False
Is 11 a factor of 122357246?
True
Does 4302 divide 5531433870?
False
Does 90 divide 87052770?
True
Does 125 divide 551135095?
False
Is 320038984 a multiple of 127?
True
Is 4 a factor of 266985804?
True
Is 1808922377 a multiple of 416?
False
Is 308 a factor of 11166232?
True
Does 126 divide 4768848?
True
Is 16 a factor of 9992880?
True
Does 1807 divide 14673137?
False
Does 39 divide 51887862?
True
Does 443 divide 129390222?
False
Does 20 divide 10883732?
False
Is 2 a factor of 1944671?
False
Does 3 divide 76129512?
True
Is 427566375 a multiple of 1125?
True
Does 283 divide 13574944?
True
Is 76613713 a multiple of 391?
True
Is 14 a factor of 4800716?
False
Is 30 a factor of 30432420?
True
Does 2405 divide 267258156?
False
Is 71135731 a multiple of 83?
True
Is 4538942 a multiple of 4?
False
Does 302 divide 237294997?
False
Is 716108449 a multiple of 433?
False
Is 10391996 a multiple of 93?
False
Does 16 divide 18644078?
False
Is 10 a factor of 1185244250?
True
Does 47 divide 201927605?
False
Is 4883919340 a multiple of 370?
True
Is 25 a factor of 388032750?
True
Is 14 a factor of 279129802?
True
Is 496133109 a multiple of 807?
True
Is 19794726 a multiple of 27?
True
Does 6662 divide 1414709010?
True
Does 13 divide 83358665?
True
Does 169 divide 28100851?
False
Does 28 divide 29908200?
True
Is 23713872 a multiple of 61?
True
Is 460 a factor of 658969785?
False
Does 2 divide 21191805?
False
Is 904 a factor of 185079952?
False
Is 933183027 a multiple of 208?
False
Is 1542600 a multiple of 40?
True
Is 395880667 a mu